*2 + y. Let v be l(21). What is the greatest common factor of 36 and v?
36
Let k(s) = 5*s**2 + 5*s + 7. Let y be k(-2). Calculate the highest common divisor of y and 731.
17
Let x = 1 + -4. Let k(q) = -q**3 + q**2 + 3*q. Let h be k(x). Let r = 2 - -1. What is the greatest common factor of r and h?
3
Let i(l) be the second derivative of l**5/20 + l**3/6 - l**2/2 + 4*l. Let n be i(1). Let r be 1937/65 + n/5. What is the highest common factor of 6 and r?
6
Suppose 2*c = -3*k + 237, 129 = -3*c - 4*k + 487. Calculate the highest common factor of 12 and c.
6
Suppose -20*h = 171 - 651. Calculate the highest common divisor of 90 and h.
6
Let z(x) = x**3 + 3*x**2 - 23*x - 56. Let v be z(-4). Let y be ((-8)/10)/((-4)/250). Calculate the greatest common divisor of v and y.
10
Suppose -4*t - h + 6*h = 427, 5*t - 2*h = -555. Let w = 161 + t. Suppose s - w = -s. What is the greatest common factor of s and 3?
3
Suppose -4*w - 4*r + 3172 = 0, -4*r = 3*w - 9*r - 2379. Calculate the greatest common factor of 61 and w.
61
Suppose 14*g - 360 = -108. What is the highest common divisor of 153 and g?
9
Let t(v) = 6*v**2 + 18*v - 22. Let l be t(-25). Calculate the greatest common divisor of 22 and l.
22
Suppose 53*y = 33482 - 4226. Calculate the greatest common factor of 345 and y.
69
Suppose 75 = -6*f + 87. What is the highest common factor of 26 and f?
2
Let f = -9 - -20. Suppose -f*w = -10*w - 15. What is the highest common divisor of 6 and w?
3
Let q = -33 - -15. Let r = 42 + q. Suppose 0 = -14*s + 13*s + 72. Calculate the highest common divisor of s and r.
24
Let k be (-128)/(-9) - (-10)/(-45). Let i = k - -2. What is the highest common factor of i and 16?
16
Let n(h) = h**3 - 19*h**2 + 61*h - 33. Let g be n(16). What is the greatest common factor of g and 200?
25
Suppose 0 = -5*v + 8 + 7. Suppose -1 = -k - v*a, 2*a - 11 = -3*k - 1. Let f = k + 0. What is the greatest common factor of 28 and f?
4
Let p = 5470 - 2311. Calculate the highest common divisor of p and 39.
39
Let c be (-2)/8 - 23/4. Let o = 10 + c. Suppose o*f = -3*b + 51, 2 = -b - 1. What is the highest common divisor of 30 and f?
15
Let o = 69 - 67. Suppose 0 = -o*g + 29 + 27. Calculate the highest common divisor of 70 and g.
14
Let t(q) be the second derivative of q**4/4 - q**3/2 - 4*q**2 + q. Let p be t(-7). Let c = -137 - -157. What is the greatest common factor of p and c?
20
Suppose 3*t - 4*u - 90 = -12, -35 = -2*t - 3*u. What is the greatest common divisor of t and 55?
11
Suppose 0 = 9*m - 5*m - 40. Suppose -m*w + 7*w = -210. Calculate the highest common divisor of 14 and w.
14
Let d(a) = 260*a - 3. Let t be d(2). What is the greatest common divisor of 47 and t?
47
Let c be -2 + (-4)/1*-2. Let r be 32*2/((-16)/6). Let o be 3/(-2 - 51/r). What is the highest common factor of o and c?
6
Let q(t) = 94*t**2 + 9*t + 8. Let d be q(-1). Calculate the greatest common factor of d and 3.
3
Let c(n) = 15*n + 194. Let b be c(-7). Calculate the greatest common divisor of 1 and b.
1
Let z = 186 + -114. Suppose -5*q + 101 = m - 0*m, 3*m = -4*q + z. What is the highest common divisor of q and 3?
3
Let o be ((105/(-10))/(-3))/(3/42). What is the greatest common factor of 49 and o?
49
Let u be 1/((-2)/2) + 33. Suppose h + 2*f = 4*f + 6, -5*f + 30 = 5*h. Suppose -h*o = -13*o + 28. Calculate the greatest common factor of u and o.
4
Suppose 2*r - 10 + 4 = 0. Suppose 2*k - r*t - 37 = 0, -3*k - 29 = -4*t - 83. Calculate the greatest common factor of 7 and k.
7
Let n(q) = -9*q - 42. Let l be n(-16). Let g = l - 12. What is the greatest common divisor of 18 and g?
18
Let x be 12/(-36) - (-2)/(-3). Let c be (x - 0)/(-1) - (-9)/1. What is the highest common divisor of c and 10?
10
Let s = -2496 + 2996. Calculate the highest common divisor of 875 and s.
125
Let i(l) = -l**3 + 24*l**2 + 169*l - 50. Let j be i(29). What is the highest common factor of 136 and j?
34
Suppose q + 3*c - 296 = 0, 0*q + 3*q - 940 = 4*c. What is the highest common factor of q and 77?
77
Let j(c) = -20*c**3 + 10*c**3 + 3 - 3*c**2 + 6*c**3. Let m be j(-3). Calculate the highest common divisor of 56 and m.
28
Let z = -294 - -306. Let w be (-2)/5 + (-1446)/(-15). What is the highest common divisor of w and z?
12
Let y = 22 + -22. Let z be 21 + y*4/(-12). What is the highest common divisor of 3 and z?
3
Let d(y) = 15*y. Suppose 0 = -4*s + 6 + 10. Let i be (-43)/(-5) - s/(-10). Let u be d(i). Calculate the highest common divisor of 15 and u.
15
Let l(g) = -145*g - 51. Let z be l(-9). Calculate the highest common factor of 228 and z.
114
Let k be 4 - (-11)/((-55)/(-40)). Calculate the greatest common factor of k and 22.
2
Let f be ((-936)/15)/((-6)/80). Calculate the highest common divisor of 26 and f.
26
Let d be (36/(-21))/(14/(-49)). Suppose 5*r + 2*a - 267 = -a, 3*r + a - 161 = 0. What is the greatest common divisor of d and r?
6
Let b = 41 - 37. Suppose -b*w + c = -3*c - 1216, 3*w + 2*c = 912. Calculate the highest common factor of 38 and w.
38
Suppose -5*c + 13 = 2*q, -3*c + 2*q = -4*c + 1. Let r = -3 - -15. What is the greatest common divisor of r and c?
3
Suppose 3*i = 5*t - 13, -3*i = -3*t + 1 + 2. Suppose t*y = n - 2*n + 38, 0 = -n + 5*y + 28. Calculate the greatest common divisor of n and 3.
3
Suppose -5*i + 1123 = 43. Suppose 8*w - 74184 = -73992. What is the highest common divisor of i and w?
24
Suppose 4*z + 3*x = 5787, 2*z - 1552 = 2*x + 1324. Calculate the highest common factor of 39 and z.
39
Suppose 2*x = -d - 6, 4*x - 6*d - 12 = -2*d. Let m be 18/10*(39/9 + x). What is the highest common divisor of 54 and m?
6
Suppose 4 = 5*i - 4*u, i + 7*u = 3*u - 4. Suppose -5*f = -i*f - 65. What is the greatest common divisor of f and 13?
13
Let a(j) = -j - 2. Let i be a(-3). Let z = 106 - 103. What is the greatest common divisor of i and z?
1
Let p(o) = o**2 - o + 3. Let s be p(6). Suppose -3*q + 32 = 5*i - 33, -3*q + s = -3*i. Suppose 375 = -u + 6*u. Calculate the greatest common divisor of q and u.
15
Suppose 310 = 3*g + 4*n - 396, -g + 237 = 3*n. What is the greatest common factor of g and 156?
78
Suppose -39 - 1 = 4*n. Let r = -7 - n. Suppose 5*f = r*y + 70, -5*f + 70 = y + 4*y. What is the greatest common factor of 98 and f?
14
Let v(n) = -n**3 - 5*n**2 + 1. Let s = 1 - -2. Suppose 14 = -4*j - 2*p + 4*p, 0 = p + s. Let i be v(j). Calculate the greatest common divisor of 1 and i.
1
Let z(m) = 4*m**2 + 12*m - 11. Let x(o) = -8*o**2 - 25*o + 22. Let v(d) = 3*x(d) + 7*z(d). Let n be v(6). Calculate the highest common factor of 17 and n.
17
Let m(a) = -a**2 - 41*a + 96. Let g be m(-43). Calculate the greatest common factor of g and 14.
2
Let f be (-16)/120 - 2708/(-60) - 5. Calculate the greatest common divisor of 24 and f.
8
Suppose 0 = -4*j + 10 + 14. Let d = j - 5. Calculate the greatest common factor of 7 and d.
1
Let q(i) = -3*i. Let v(l) = -l**2 - 6*l - 6. Let w be v(-5). Let n be q(w). Suppose -3*r = -12 - n. Calculate the greatest common divisor of r and 5.
5
Let z(o) = 4*o + 6. Suppose 29 = 4*n - 5*u, 5*n - 14 = u - 4. Let f = 7 - n. Let l be z(f). What is the highest common factor of 6 and l?
6
Let f(m) = -2*m + 20. Let b be f(9). Suppose 0 = 4*j + b*q - 0*q - 486, -5*q = 25. Suppose -j + 684 = 5*h. Calculate the greatest common factor of h and 14.
14
Let k = -30 + 10. Let v = 45 + k. Let h = -2690 - -2715. What is the greatest common divisor of v and h?
25
Let i = 164 + -10. Let j = i - 107. Let p = j - 20. Calculate the greatest common divisor of p and 3.
3
Let b = 36 - 31. Suppose -b*a + 8 = -157. Suppose u - a = 23. Calculate the greatest common divisor of u and 14.
14
Suppose 0 = n - 17 - 82. Suppose 5*d + l = 50, 3*d + 0*d - 2 = 5*l. What is the highest common factor of n and d?
9
Suppose 2*v - 959 = -n, v + n - 234 = 248. Calculate the highest common divisor of v and 9.
9
Let p be 2 + (-4 + 1 - 19). Let m = -17 - p. What is the highest common divisor of m and 2?
1
Let x = 11 + -7. Let f = -131 - -133. Calculate the highest common divisor of f and x.
2
Suppose 0 = 2*x - x - 4. Calculate the highest common divisor of x and 76.
4
Let r be -22*((-21)/(-14))/(-1). Calculate the highest common divisor of r and 176.
11
Let o be (2/(-5))/(2/(-10)). Let l(d) be the second derivative of -2*d**3/3 - 9*d**2 - 21*d. Let h be l(-6). Calcula